[INFO] cloning repository https://github.com/jrasky/bis
[INFO] running `Command { std: "git" "-c" "credential.helper=" "-c" "credential.helper=/workspace/cargo-home/bin/git-credential-null" "clone" "--bare" "https://github.com/jrasky/bis" "/workspace/cache/git-repos/https%3A%2F%2Fgithub.com%2Fjrasky%2Fbis", kill_on_drop: false }`
[INFO] [stderr] Cloning into bare repository '/workspace/cache/git-repos/https%3A%2F%2Fgithub.com%2Fjrasky%2Fbis'...
[INFO] running `Command { std: "git" "rev-parse" "HEAD", kill_on_drop: false }`
[INFO] [stdout] bdba862e0b1c6ad0e80148e239c50350b220397f
[INFO] checking jrasky/bis against try#72f88fc4e9458f89516a0b8b0868f3718aec5b47 for pr-74989
[INFO] running `Command { std: "git" "clone" "/workspace/cache/git-repos/https%3A%2F%2Fgithub.com%2Fjrasky%2Fbis" "/workspace/builds/worker-1/source", kill_on_drop: false }`
[INFO] [stderr] Cloning into '/workspace/builds/worker-1/source'...
[INFO] [stderr] done.
[INFO] validating manifest of git repo https://github.com/jrasky/bis on toolchain 72f88fc4e9458f89516a0b8b0868f3718aec5b47
[INFO] running `Command { std: "/workspace/cargo-home/bin/cargo" "+72f88fc4e9458f89516a0b8b0868f3718aec5b47" "read-manifest" "--manifest-path" "Cargo.toml", kill_on_drop: false }`
[INFO] started tweaking git repo https://github.com/jrasky/bis
[INFO] finished tweaking git repo https://github.com/jrasky/bis
[INFO] tweaked toml for git repo https://github.com/jrasky/bis written to /workspace/builds/worker-1/source/Cargo.toml
[INFO] crate git repo https://github.com/jrasky/bis already has a lockfile, it will not be regenerated
[INFO] running `Command { std: "/workspace/cargo-home/bin/cargo" "+72f88fc4e9458f89516a0b8b0868f3718aec5b47" "fetch" "--locked" "--manifest-path" "Cargo.toml", kill_on_drop: false }`
[INFO] [stderr]     Blocking waiting for file lock on package cache
[INFO] [stderr] error: the lock file /workspace/builds/worker-1/source/Cargo.lock needs to be updated but --locked was passed to prevent this
[INFO] [stderr] If you want to try to generate the lock file without accessing the network, use the --offline flag.
[INFO] the lockfile is outdated, regenerating it
[INFO] running `Command { std: "/workspace/cargo-home/bin/cargo" "+72f88fc4e9458f89516a0b8b0868f3718aec5b47" "generate-lockfile" "--manifest-path" "Cargo.toml" "-Zno-index-update", kill_on_drop: false }`
[INFO] running `Command { std: "/workspace/cargo-home/bin/cargo" "+72f88fc4e9458f89516a0b8b0868f3718aec5b47" "fetch" "--locked" "--manifest-path" "Cargo.toml", kill_on_drop: false }`
[INFO] running `Command { std: "docker" "create" "-v" "/var/lib/crater-agent-workspace/builds/worker-1/target:/opt/rustwide/target:rw,Z" "-v" "/var/lib/crater-agent-workspace/builds/worker-1/source:/opt/rustwide/workdir:ro,Z" "-v" "/var/lib/crater-agent-workspace/cargo-home:/opt/rustwide/cargo-home:ro,Z" "-v" "/var/lib/crater-agent-workspace/rustup-home:/opt/rustwide/rustup-home:ro,Z" "-e" "SOURCE_DIR=/opt/rustwide/workdir" "-e" "CARGO_TARGET_DIR=/opt/rustwide/target" "-e" "CARGO_HOME=/opt/rustwide/cargo-home" "-e" "RUSTUP_HOME=/opt/rustwide/rustup-home" "-w" "/opt/rustwide/workdir" "-m" "1610612736" "--user" "0:0" "--network" "none" "rustops/crates-build-env@sha256:d92eaeed33fa75130ca1ee6c8a01d1ffb62bac859dfdfb3450e3e5d1c0146529" "/opt/rustwide/cargo-home/bin/cargo" "+72f88fc4e9458f89516a0b8b0868f3718aec5b47" "metadata" "--no-deps" "--format-version=1", kill_on_drop: false }`
[INFO] [stderr] WARNING: Your kernel does not support swap limit capabilities or the cgroup is not mounted. Memory limited without swap.
[INFO] [stdout] 08ac1a4703b8661a3d2c91110aa796231591a2cdb53052e3bfe596a50deec5d8
[INFO] running `Command { std: "docker" "start" "-a" "08ac1a4703b8661a3d2c91110aa796231591a2cdb53052e3bfe596a50deec5d8", kill_on_drop: false }`
[INFO] running `Command { std: "docker" "inspect" "08ac1a4703b8661a3d2c91110aa796231591a2cdb53052e3bfe596a50deec5d8", kill_on_drop: false }`
[INFO] running `Command { std: "docker" "rm" "-f" "08ac1a4703b8661a3d2c91110aa796231591a2cdb53052e3bfe596a50deec5d8", kill_on_drop: false }`
[INFO] [stdout] 08ac1a4703b8661a3d2c91110aa796231591a2cdb53052e3bfe596a50deec5d8
[INFO] running `Command { std: "docker" "create" "-v" "/var/lib/crater-agent-workspace/builds/worker-1/target:/opt/rustwide/target:rw,Z" "-v" "/var/lib/crater-agent-workspace/builds/worker-1/source:/opt/rustwide/workdir:ro,Z" "-v" "/var/lib/crater-agent-workspace/cargo-home:/opt/rustwide/cargo-home:ro,Z" "-v" "/var/lib/crater-agent-workspace/rustup-home:/opt/rustwide/rustup-home:ro,Z" "-e" "SOURCE_DIR=/opt/rustwide/workdir" "-e" "CARGO_TARGET_DIR=/opt/rustwide/target" "-e" "CARGO_INCREMENTAL=0" "-e" "RUST_BACKTRACE=full" "-e" "RUSTFLAGS=--cap-lints=forbid" "-e" "CARGO_HOME=/opt/rustwide/cargo-home" "-e" "RUSTUP_HOME=/opt/rustwide/rustup-home" "-w" "/opt/rustwide/workdir" "-m" "1610612736" "--user" "0:0" "--network" "none" "rustops/crates-build-env@sha256:d92eaeed33fa75130ca1ee6c8a01d1ffb62bac859dfdfb3450e3e5d1c0146529" "/opt/rustwide/cargo-home/bin/cargo" "+72f88fc4e9458f89516a0b8b0868f3718aec5b47" "check" "--frozen" "--all" "--all-targets" "--message-format=json", kill_on_drop: false }`
[INFO] [stdout] 4b8f1e1085d6f43a34b9b88c5c68ef97cd7eaea89a384b1e2659ec332fd2dcbb
[INFO] [stderr] WARNING: Your kernel does not support swap limit capabilities or the cgroup is not mounted. Memory limited without swap.
[INFO] running `Command { std: "docker" "start" "-a" "4b8f1e1085d6f43a34b9b88c5c68ef97cd7eaea89a384b1e2659ec332fd2dcbb", kill_on_drop: false }`
[INFO] [stderr]    Compiling memchr v2.3.3
[INFO] [stderr]    Compiling log v0.4.11
[INFO] [stderr]     Checking regex-syntax v0.6.18
[INFO] [stderr]     Checking quick-error v1.2.3
[INFO] [stderr]     Checking termcolor v1.1.0
[INFO] [stderr]     Checking thread_local v1.0.1
[INFO] [stderr]    Compiling bis v0.1.0 (/opt/rustwide/workdir)
[INFO] [stderr]     Checking dirs-sys v0.3.5
[INFO] [stderr]     Checking atty v0.2.14
[INFO] [stderr]     Checking humantime v1.3.0
[INFO] [stderr]     Checking dirs v2.0.2
[INFO] [stdout] warning: use of deprecated function `gcc::compile_library`: crate has been renamed to `cc`, the `gcc` name is not maintained
[INFO] [stdout]  --> build.rs:4:5
[INFO] [stdout]   |
[INFO] [stdout] 4 |     gcc::compile_library("libbis_c.a", &["src/bis_c.c"]);
[INFO] [stdout]   |     ^^^^^^^^^^^^^^^^^^^^
[INFO] [stdout]   |
[INFO] [stdout]   = note: `#[warn(deprecated)]` on by default
[INFO] [stdout] 
[INFO] [stdout] 
[INFO] [stderr]     Checking term v0.6.1
[INFO] [stdout] warning: 1 warning emitted
[INFO] [stdout] 
[INFO] [stdout] 
[INFO] [stderr]     Checking aho-corasick v0.7.13
[INFO] [stderr]     Checking regex v1.3.9
[INFO] [stderr]     Checking env_logger v0.7.1
[INFO] [stdout] error[E0432]: unresolved import `std::borrow::IntoCow`
[INFO] [stdout]   --> src/search.rs:18:24
[INFO] [stdout]    |
[INFO] [stdout] 18 | use std::borrow::{Cow, IntoCow};
[INFO] [stdout]    |                        ^^^^^^^ no `IntoCow` in `borrow`
[INFO] [stdout] 
[INFO] [stdout] 
[INFO] [stdout] error[E0432]: unresolved import `std::borrow::IntoCow`
[INFO] [stdout]   --> src/search.rs:18:24
[INFO] [stdout]    |
[INFO] [stdout] 18 | use std::borrow::{Cow, IntoCow};
[INFO] [stdout]    |                        ^^^^^^^ no `IntoCow` in `borrow`
[INFO] [stdout] 
[INFO] [stdout] 
[INFO] [stdout] error: cannot find macro `select` in this scope
[INFO] [stdout]    --> src/ui.rs:354:13
[INFO] [stdout]     |
[INFO] [stdout] 354 |             select! {
[INFO] [stdout]     |             ^^^^^^
[INFO] [stdout] 
[INFO] [stdout] 
[INFO] [stdout] warning: use of deprecated macro `try`: use the `?` operator instead
[INFO] [stdout]    --> src/ui.rs:180:23
[INFO] [stdout]     |
[INFO] [stdout] 180 |         let control = try!(TermControl::create());
[INFO] [stdout]     |                       ^^^
[INFO] [stdout]     |
[INFO] [stdout]     = note: `#[warn(deprecated)]` on by default
[INFO] [stdout] 
[INFO] [stdout] 
[INFO] [stdout] warning: use of deprecated macro `try`: use the `?` operator instead
[INFO] [stdout]    --> src/ui.rs:559:21
[INFO] [stdout]     |
[INFO] [stdout] 559 |                     try!(self.insert_match(m.into_owned()));
[INFO] [stdout]     |                     ^^^
[INFO] [stdout] 
[INFO] [stdout] 
[INFO] [stdout] warning: trait objects without an explicit `dyn` are deprecated
[INFO] [stdout]   --> src/error.rs:21:23
[INFO] [stdout]    |
[INFO] [stdout] 21 |     cause: Option<Box<Error>>
[INFO] [stdout]    |                       ^^^^^ help: use `dyn`: `dyn Error`
[INFO] [stdout]    |
[INFO] [stdout]    = note: `#[warn(bare_trait_objects)]` on by default
[INFO] [stdout] 
[INFO] [stdout] 
[INFO] [stdout] warning: trait objects without an explicit `dyn` are deprecated
[INFO] [stdout]   --> src/error.rs:35:32
[INFO] [stdout]    |
[INFO] [stdout] 35 |     fn cause(&self) -> Option<&Error> {
[INFO] [stdout]    |                                ^^^^^ help: use `dyn`: `dyn Error`
[INFO] [stdout] 
[INFO] [stdout] 
[INFO] [stdout] warning: trait objects without an explicit `dyn` are deprecated
[INFO] [stdout]   --> src/error.rs:44:67
[INFO] [stdout]    |
[INFO] [stdout] 44 |     pub fn new<T: Into<String>>(description: T, cause: Option<Box<Error>>) -> StringError {
[INFO] [stdout]    |                                                                   ^^^^^ help: use `dyn`: `dyn Error`
[INFO] [stdout] 
[INFO] [stdout] 
[INFO] [stdout] warning: unused import: `unicode_width::*`
[INFO] [stdout]   --> src/ui.rs:17:5
[INFO] [stdout]    |
[INFO] [stdout] 17 | use unicode_width::*;
[INFO] [stdout]    |     ^^^^^^^^^^^^^^^^
[INFO] [stdout]    |
[INFO] [stdout]    = note: `#[warn(unused_imports)]` on by default
[INFO] [stdout] 
[INFO] [stdout] 
[INFO] [stdout] error: cannot find macro `select` in this scope
[INFO] [stdout]    --> src/ui.rs:354:13
[INFO] [stdout]     |
[INFO] [stdout] 354 |             select! {
[INFO] [stdout]     |             ^^^^^^
[INFO] [stdout] 
[INFO] [stdout] 
[INFO] [stdout] warning: use of deprecated macro `try`: use the `?` operator instead
[INFO] [stdout]    --> src/ui.rs:180:23
[INFO] [stdout]     |
[INFO] [stdout] 180 |         let control = try!(TermControl::create());
[INFO] [stdout]     |                       ^^^
[INFO] [stdout]     |
[INFO] [stdout]     = note: `#[warn(deprecated)]` on by default
[INFO] [stdout] 
[INFO] [stdout] 
[INFO] [stdout] warning: use of deprecated macro `try`: use the `?` operator instead
[INFO] [stdout]    --> src/ui.rs:559:21
[INFO] [stdout]     |
[INFO] [stdout] 559 |                     try!(self.insert_match(m.into_owned()));
[INFO] [stdout]     |                     ^^^
[INFO] [stdout] 
[INFO] [stdout] 
[INFO] [stdout] warning: trait objects without an explicit `dyn` are deprecated
[INFO] [stdout]   --> src/error.rs:21:23
[INFO] [stdout]    |
[INFO] [stdout] 21 |     cause: Option<Box<Error>>
[INFO] [stdout]    |                       ^^^^^ help: use `dyn`: `dyn Error`
[INFO] [stdout]    |
[INFO] [stdout]    = note: `#[warn(bare_trait_objects)]` on by default
[INFO] [stdout] 
[INFO] [stdout] 
[INFO] [stdout] warning: trait objects without an explicit `dyn` are deprecated
[INFO] [stdout]   --> src/error.rs:35:32
[INFO] [stdout]    |
[INFO] [stdout] 35 |     fn cause(&self) -> Option<&Error> {
[INFO] [stdout]    |                                ^^^^^ help: use `dyn`: `dyn Error`
[INFO] [stdout] 
[INFO] [stdout] 
[INFO] [stdout] warning: trait objects without an explicit `dyn` are deprecated
[INFO] [stdout]   --> src/error.rs:44:67
[INFO] [stdout]    |
[INFO] [stdout] 44 |     pub fn new<T: Into<String>>(description: T, cause: Option<Box<Error>>) -> StringError {
[INFO] [stdout]    |                                                                   ^^^^^ help: use `dyn`: `dyn Error`
[INFO] [stdout] 
[INFO] [stdout] 
[INFO] [stdout] warning: unused import: `unicode_width::*`
[INFO] [stdout]   --> src/ui.rs:17:5
[INFO] [stdout]    |
[INFO] [stdout] 17 | use unicode_width::*;
[INFO] [stdout]    |     ^^^^^^^^^^^^^^^^
[INFO] [stdout]    |
[INFO] [stdout]    = note: `#[warn(unused_imports)]` on by default
[INFO] [stdout] 
[INFO] [stdout] 
[INFO] [stdout] error[E0308]: mismatched types
[INFO] [stdout]   --> src/main.rs:39:9
[INFO] [stdout]    |
[INFO] [stdout] 38 |     match env_logger::init() {
[INFO] [stdout]    |           ------------------ this expression has type `()`
[INFO] [stdout] 39 |         Ok(()) => {
[INFO] [stdout]    |         ^^^^^^ expected `()`, found enum `std::result::Result`
[INFO] [stdout]    |
[INFO] [stdout]    = note: expected unit type `()`
[INFO] [stdout]                    found enum `std::result::Result<_, _>`
[INFO] [stdout] 
[INFO] [stdout] 
[INFO] [stdout] error[E0308]: mismatched types
[INFO] [stdout]   --> src/main.rs:42:9
[INFO] [stdout]    |
[INFO] [stdout] 38 |     match env_logger::init() {
[INFO] [stdout]    |           ------------------ this expression has type `()`
[INFO] [stdout] ...
[INFO] [stdout] 42 |         Err(e) => {
[INFO] [stdout]    |         ^^^^^^ expected `()`, found enum `std::result::Result`
[INFO] [stdout]    |
[INFO] [stdout]    = note: expected unit type `()`
[INFO] [stdout]                    found enum `std::result::Result<_, _>`
[INFO] [stdout] 
[INFO] [stdout] 
[INFO] [stdout] error[E0599]: no method named `into_cow` found for struct `String` in the current scope
[INFO] [stdout]    --> src/search.rs:108:36
[INFO] [stdout]     |
[INFO] [stdout] 108 |             self.lines.insert(line.into_cow(), info);
[INFO] [stdout]     |                                    ^^^^^^^^ method not found in `String`
[INFO] [stdout] 
[INFO] [stdout] 
[INFO] [stdout] error[E0599]: no method named `push_pop` found for mutable reference `&mut BinaryHeap<LineMatch>` in the current scope
[INFO] [stdout]    --> src/search.rs:152:29
[INFO] [stdout]     |
[INFO] [stdout] 152 |                     matches.push_pop(match_item);
[INFO] [stdout]     |                             ^^^^^^^^ method not found in `&mut BinaryHeap<LineMatch>`
[INFO] [stdout] 
[INFO] [stdout] 
[INFO] [stdout] error[E0308]: mismatched types
[INFO] [stdout]   --> src/main.rs:39:9
[INFO] [stdout]    |
[INFO] [stdout] 38 |     match env_logger::init() {
[INFO] [stdout]    |           ------------------ this expression has type `()`
[INFO] [stdout] 39 |         Ok(()) => {
[INFO] [stdout]    |         ^^^^^^ expected `()`, found enum `std::result::Result`
[INFO] [stdout]    |
[INFO] [stdout]    = note: expected unit type `()`
[INFO] [stdout]                    found enum `std::result::Result<_, _>`
[INFO] [stdout] 
[INFO] [stdout] 
[INFO] [stdout] error[E0308]: mismatched types
[INFO] [stdout]   --> src/main.rs:42:9
[INFO] [stdout]    |
[INFO] [stdout] 38 |     match env_logger::init() {
[INFO] [stdout]    |           ------------------ this expression has type `()`
[INFO] [stdout] ...
[INFO] [stdout] 42 |         Err(e) => {
[INFO] [stdout]    |         ^^^^^^ expected `()`, found enum `std::result::Result`
[INFO] [stdout]    |
[INFO] [stdout]    = note: expected unit type `()`
[INFO] [stdout]                    found enum `std::result::Result<_, _>`
[INFO] [stdout] 
[INFO] [stdout] 
[INFO] [stdout] error[E0308]: mismatched types
[INFO] [stdout]   --> src/ui.rs:86:22
[INFO] [stdout]    |
[INFO] [stdout] 86 |             strings: strings
[INFO] [stdout]    |                      ^^^^^^^ expected struct `String`, found `&str`
[INFO] [stdout]    |
[INFO] [stdout]    = note: expected struct `HashMap<String, _, RandomState>`
[INFO] [stdout]               found struct `HashMap<&str, _, _>`
[INFO] [stdout] 
[INFO] [stdout] 
[INFO] [stdout] error[E0599]: no method named `into_cow` found for struct `String` in the current scope
[INFO] [stdout]    --> src/search.rs:108:36
[INFO] [stdout]     |
[INFO] [stdout] 108 |             self.lines.insert(line.into_cow(), info);
[INFO] [stdout]     |                                    ^^^^^^^^ method not found in `String`
[INFO] [stdout] 
[INFO] [stdout] 
[INFO] [stdout] warning: unreachable statement
[INFO] [stdout]    --> src/ui.rs:522:9
[INFO] [stdout]     |
[INFO] [stdout] 351 | /         loop {
[INFO] [stdout] 352 | |             // this macro is bad and the rust people should feel bad
[INFO] [stdout] 353 | |             // on the other hand, multi-threaded UI! Yay!
[INFO] [stdout] 354 | |             select! {
[INFO] [stdout] ...   |
[INFO] [stdout] 518 | |             }
[INFO] [stdout] 519 | |         }
[INFO] [stdout]     | |_________- any code following this expression is unreachable
[INFO] [stdout] ...
[INFO] [stdout] 522 | /         match best_match {
[INFO] [stdout] 523 | |             Some(ref m) => {
[INFO] [stdout] 524 | |                 // redraw the best match
[INFO] [stdout] 525 | |                 match write!(output, " -> {}", m) {
[INFO] [stdout] ...   |
[INFO] [stdout] 534 | |             }
[INFO] [stdout] 535 | |         }
[INFO] [stdout]     | |_________^ unreachable statement
[INFO] [stdout]     |
[INFO] [stdout]     = note: `#[warn(unreachable_code)]` on by default
[INFO] [stdout] 
[INFO] [stdout] 
[INFO] [stdout] error[E0599]: no method named `push_pop` found for mutable reference `&mut BinaryHeap<LineMatch>` in the current scope
[INFO] [stdout]    --> src/search.rs:152:29
[INFO] [stdout]     |
[INFO] [stdout] 152 |                     matches.push_pop(match_item);
[INFO] [stdout]     |                             ^^^^^^^^ method not found in `&mut BinaryHeap<LineMatch>`
[INFO] [stdout] 
[INFO] [stdout] 
[INFO] [stdout] error[E0599]: no method named `chars` found for struct `StdinLock<'_>` in the current scope
[INFO] [stdout]    --> src/ui.rs:635:28
[INFO] [stdout]     |
[INFO] [stdout] 635 |     for maybe_chr in input.chars() {
[INFO] [stdout]     |                            ^^^^^ method not found in `StdinLock<'_>`
[INFO] [stdout] 
[INFO] [stdout] 
[INFO] [stderr] error: could not compile `bis`.
[INFO] [stdout] error: aborting due to 8 previous errors; 7 warnings emitted
[INFO] [stdout] 
[INFO] [stdout] 
[INFO] [stderr] 
[INFO] [stdout] Some errors have detailed explanations: E0308, E0432, E0599.
[INFO] [stdout] 
[INFO] [stderr] To learn more, run the command again with --verbose.
[INFO] [stdout] For more information about an error, try `rustc --explain E0308`.
[INFO] [stdout] 
[INFO] [stderr] warning: build failed, waiting for other jobs to finish...
[INFO] [stdout] error[E0308]: mismatched types
[INFO] [stdout]   --> src/ui.rs:86:22
[INFO] [stdout]    |
[INFO] [stdout] 86 |             strings: strings
[INFO] [stdout]    |                      ^^^^^^^ expected struct `String`, found `&str`
[INFO] [stdout]    |
[INFO] [stdout]    = note: expected struct `HashMap<String, _, RandomState>`
[INFO] [stdout]               found struct `HashMap<&str, _, _>`
[INFO] [stdout] 
[INFO] [stdout] 
[INFO] [stdout] warning: unreachable statement
[INFO] [stdout]    --> src/ui.rs:522:9
[INFO] [stdout]     |
[INFO] [stdout] 351 | /         loop {
[INFO] [stdout] 352 | |             // this macro is bad and the rust people should feel bad
[INFO] [stdout] 353 | |             // on the other hand, multi-threaded UI! Yay!
[INFO] [stdout] 354 | |             select! {
[INFO] [stdout] ...   |
[INFO] [stdout] 518 | |             }
[INFO] [stdout] 519 | |         }
[INFO] [stdout]     | |_________- any code following this expression is unreachable
[INFO] [stdout] ...
[INFO] [stdout] 522 | /         match best_match {
[INFO] [stdout] 523 | |             Some(ref m) => {
[INFO] [stdout] 524 | |                 // redraw the best match
[INFO] [stdout] 525 | |                 match write!(output, " -> {}", m) {
[INFO] [stdout] ...   |
[INFO] [stdout] 534 | |             }
[INFO] [stdout] 535 | |         }
[INFO] [stdout]     | |_________^ unreachable statement
[INFO] [stdout]     |
[INFO] [stdout]     = note: `#[warn(unreachable_code)]` on by default
[INFO] [stdout] 
[INFO] [stdout] 
[INFO] [stdout] error[E0599]: no method named `chars` found for struct `StdinLock<'_>` in the current scope
[INFO] [stdout]    --> src/ui.rs:635:28
[INFO] [stdout]     |
[INFO] [stdout] 635 |     for maybe_chr in input.chars() {
[INFO] [stdout]     |                            ^^^^^ method not found in `StdinLock<'_>`
[INFO] [stdout] 
[INFO] [stdout] 
[INFO] [stdout] error: aborting due to 8 previous errors; 7 warnings emitted
[INFO] [stdout] 
[INFO] [stdout] 
[INFO] [stdout] Some errors have detailed explanations: E0308, E0432, E0599.
[INFO] [stdout] 
[INFO] [stdout] For more information about an error, try `rustc --explain E0308`.
[INFO] [stdout] 
[INFO] [stderr] error: build failed
[INFO] running `Command { std: "docker" "inspect" "4b8f1e1085d6f43a34b9b88c5c68ef97cd7eaea89a384b1e2659ec332fd2dcbb", kill_on_drop: false }`
[INFO] running `Command { std: "docker" "rm" "-f" "4b8f1e1085d6f43a34b9b88c5c68ef97cd7eaea89a384b1e2659ec332fd2dcbb", kill_on_drop: false }`
[INFO] [stdout] 4b8f1e1085d6f43a34b9b88c5c68ef97cd7eaea89a384b1e2659ec332fd2dcbb
